reatest common divisor of t and 200.
200
Let r = 222 - -33. Let c = r - 111. Suppose -4*i + 0 = -c. What is the greatest common divisor of i and 9?
9
Let s = -122 - -127. Suppose -s = a, -8*n - a - 3 = -6*n. Suppose 16 = 5*f - 39. Calculate the greatest common factor of f and n.
1
Suppose 4*i + 5*c = 0, 3*i + 2*i = -2*c. Let s be -2 - (-8 + i/3). Let h be 214/6 + (-4)/s. What is the highest common divisor of h and 5?
5
Let u = 5722 + -5257. What is the greatest common divisor of 60 and u?
15
Let t = -1152 - -1339. What is the highest common factor of 697 and t?
17
Suppose -z = 2*c - 4114, -2*z + 29 = 17. Calculate the highest common factor of 78 and c.
26
Let a be 74 + (-15)/(-6)*(-8 - (-238)/35). Calculate the greatest common factor of a and 6887.
71
Let n(l) = 16*l - 41. Let r(x) = -x. Let j(m) = n(m) - 4*r(m). Let v be j(4). What is the highest common divisor of v and 26?
13
Let z(h) = -43*h - 43. Let o(y) = -y**3 + 3*y**2 - 3*y + 7. Let d be o(3). Let m be z(d). Calculate the highest common divisor of 387 and m.
43
Let s(x) = 166*x + 9058. Let u be s(-54). Calculate the highest common factor of 4418 and u.
94
Let x = -105 - -130. Suppose x*k - 129 = 5096. Calculate the greatest common divisor of k and 38.
19
Suppose 30*w = 103*w - 22733 - 8292. What is the greatest common divisor of w and 400?
25
Suppose -7*t + 135 = -40. Let r = t + -19. Suppose 14*x = r*x + 160. What is the greatest common divisor of 60 and x?
20
Let u(o) = 2*o**3 - 7*o**2 - 63*o + 293. Let m be u(4). Calculate the greatest common divisor of 129 and m.
3
Let b = 3389 - 2760. What is the highest common factor of b and 221?
17
Let p = -88 + 95. Suppose 5*w + 20 = p*w. Let j = 85 - w. What is the greatest common factor of j and 25?
25
Let u(a) = -2*a + 18. Let m be u(7). Let n(l) = -81*l - 7. Let f be n(1). Let c be f*3*2/(-12). What is the greatest common factor of m and c?
4
Let y = 19365 + -10989. Calculate the greatest common divisor of y and 24.
24
Suppose 955 = 2*k + 241. Let d = k - 305. Calculate the greatest common factor of 468 and d.
52
Suppose 400 = 4*v - 5*c, 0 = -5*v + c + 685 - 206. Suppose -65 = -2*n - 55. Suppose -53*f = n*f - 1102. What is the greatest common factor of v and f?
19
Let f(o) = 5*o**2 + 4*o - 2. Let w be f(4). Suppose 1 = -3*a - m + w, m = a - 31. Let b = -20380 - -20504. Calculate the highest common factor of a and b.
31
Let r(v) = -16*v + 291. Let u be r(18). Suppose -2*z + 4*z - 4*i = 34, -5*z = 5*i - 100. Suppose 11 = u*b - z. What is the highest common divisor of 70 and b?
10
Suppose 4*z - 9952 = -91*l + 87*l, 4*z + 2468 = l. What is the greatest common divisor of l and 24?
12
Let h(r) be the second derivative of -3*r**3 - 84*r**2 - 160*r. Let f be h(-10). Calculate the greatest common divisor of f and 228.
12
Let w be 327/15 - 570/150. Calculate the highest common factor of w and 2709.
9
Suppose -12 = 4*z, 0*k = 2*k + z - 507. Suppose -x + j + 41 = 4*j, -5*j + k = 5*x. Calculate the highest common divisor of x and 7.
7
Suppose 201*d - 4*f = 206*d - 38, 5*d = 4*f + 22. Calculate the greatest common divisor of 2766 and d.
6
Let r(k) = -k**3 + 10*k**2 - k + 18. Let o be r(10). Let i be (o/6 - 0)/(12/18). What is the greatest common divisor of 62 and i?
2
Suppose -68 = 147*c - 362. Calculate the greatest common divisor of c and 162.
2
Suppose -2*x = 4*v - 5*x + 6, 2*x = v - 1. Let g be -2 + 7 + (-6)/(-9)*v. What is the highest common factor of 48 and g?
3
Let i be ((-3420)/(-72))/(5/328). What is the highest common divisor of i and 164?
164
Suppose 34*y - 958 = -4*j + 32*y, 0 = 4*j + 5*y - 955. Let k = -236 + j. Calculate the highest common divisor of 76 and k.
4
Let v be (0 - 5 - -4) + (44 - -1). Let b = v - 36. Let l(o) = o. Let u be l(2). Calculate the greatest common factor of u and b.
2
Let o(b) = 16*b. Let f be o(0). Suppose -54*t + 52*t + 66 = f. Calculate the highest common divisor of 627 and t.
33
Let f(h) = h + 2. Let p(j) = 10*j - 132. Let d(w) = 2*f(w) + p(w). Let a be d(21). What is the greatest common factor of 93 and a?
31
Suppose -48*u + 21318 = 3*u. Calculate the greatest common divisor of 152 and u.
38
Let z be -3*8/6 + 6/1. Suppose 95*m = 75*m + 160. Calculate the greatest common factor of z and m.
2
Suppose g - 674 = -5*n, -2*g - 5*n - 398 = -1746. Let t = -566 + g. What is the highest common factor of 81 and t?
27
Let r(f) be the second derivative of -f**5/20 + 7*f**4/12 - 7*f**3/6 + f**2 + 86*f. Let w be r(5). What is the highest common divisor of w and 391?
17
Let m(v) = -v**2 + 14*v + 2. Let u be m(17). Let f = u + 56. Let l be 2 + (-4 - -1) + f. What is the greatest common factor of 18 and l?
6
Let h = 7 - 3. Let u = 732 + -729. Suppose -210 = -u*v - 12*v. Calculate the greatest common divisor of v and h.
2
Let t be 2592/(-180)*((-85)/(-102))/((-2)/8). What is the highest common factor of 1 and t?
1
Suppose 0 = -2*o - 2*o + 4*y + 704, 0 = 5*o - 2*y - 895. Suppose 4*z = -101 + o. What is the highest common factor of 28 and z?
4
Suppose 5*n - i - 105 = 0, 2*n - 3*i - i = 60. Let p = -36 + 36. Suppose -2*g + g + 140 = p. Calculate the greatest common divisor of g and n.
20
Let k(y) = -12*y - 812. Let v be k(-69). Calculate the highest common divisor of v and 88.
8
Let j(v) = -21*v**2 + 1118*v - 4. Let z be j(53). What is the greatest common factor of 1363 and z?
29
Let n = -1945 + 6201. Calculate the highest common divisor of 133 and n.
133
Let f(i) = -144*i + 1999. Let b be f(-105). What is the greatest common factor of b and 34?
17
Suppose -2037 = -w + 74*l - 71*l, 5*l = -15. What is the highest common factor of 180 and w?
12
Let h be 3/4 + (-21)/28. Suppose -f - 4*f + 20 = h. Let b be ((0 + -3)/(-6))/(f/128). What is the greatest common divisor of b and 80?
16
Let p be 1/2*(0 + 750/(-3)). Let h = p - -161. Suppose -2*m + 501 = -3*o, -o + 253 = m - 0*m. What is the highest common divisor of m and h?
36
Let q = -13693 - -16253. What is the highest common divisor of q and 40?
40
Let c = 13 + -7. Let i(n) = -n**3 - n**2 + 44*n + 206. Let a be i(-4). Calculate the greatest common factor of c and a.
6
Let y = -843 + 591. Let p be (y/(-10))/(5*6/450). What is the greatest common divisor of 54 and p?
54
Let a = 7615 - 7542. Calculate the greatest common divisor of a and 3942.
73
Let m = 2185 - 2114. Calculate the greatest common factor of m and 1775.
71
Let m(x) = x**3 - 21*x**2 + 37*x + 26. Let j be m(19). Suppose -j*t + 641 = -591. Let a be 20/(-3)*(-24)/10. What is the greatest common divisor of t and a?
16
Let m(x) = -x**3 + 3*x**2 - 5*x - 20. Suppose 14*b + 36 = 2*b. Let p be m(b). What is the greatest common divisor of 42 and p?
7
Let a(j) = j**2 + 34*j + 129. Let u be a(-30). Let d be (-4)/8 + (-55)/(-2). Suppose -d = -4*v + v. Calculate the greatest common divisor of v and u.
9
Let x = -11 + 8. Let m be x/6 - (-69)/6. Suppose m*z - 14*z = -72. Calculate the greatest common factor of 6 and z.
6
Let f be 10340/34 + (-495)/17 + 29. Calculate the greatest common factor of 152 and f.
152
Suppose -37*r + 36 + 54 = 16. What is the greatest common divisor of 2206 and r?
2
Let q = -4636 + 4708. Calculate the highest common factor of 136 and q.
8
Let w = 1801 + -613. What is the greatest common factor of w and 135?
27
Let a(l) = 2*l**2 - 25*l - 29. Let g be a(13). Let m be 1 - -3 - g/(-8). What is the highest common factor of m and 34?
2
Suppose -4 = 3*l + 8. Let p = 27 - l. Let q be 0 + p + (0 - -4). Calculate the greatest common divisor of 105 and q.
35
Suppose -987 + 2859 = 26*z. Calculate the greatest common factor of 3096 and z.
72
Let n be (15/(-4))/((-18)/(-48)). Let o(u) = 5*u**2 + 45*u + 38. Let q be o(n). What is the highest common divisor of 176 and q?
88
Let p be (1*(-15)/6 + 2)*0. Suppose p = -3*x + 4*b + 77, -2*b + 1 = 5. Calculate the greatest common divisor of x and 3.
1
Let j(h) = -31*h + 104. Let b be j(-9). Let z = 519 - b. Calculate the greatest common divisor of z and 8.
8
Let l be 12/(0/3 - (-3)/2). Let a = l + -60. Let m be 3/9*-2 + a/(-6). What is the highest common divisor of 40 and m?
8
Let y = 11221 + -11200. Suppose -h + 102 = 2*h + v, 9 = -3*v. What is the highest common divisor of h and y?
7
Let v = -4679 - -8130. What is the highest common factor of 1015 and v?
203
Suppose 56*o + 16284 = 16